
12
Let s(b) = 9*b**2 + 3*b. Let h be (4/(-8) + 1)*-4. Calculate the remainder when s(h) is divided by 8.
6
Calculate the remainder when 11 + 67 + (1 + -1 - 1) is divided by 29.
19
Let p = 76 - 53. Suppose 5*t - 56 = -16. Calculate the remainder when p is divided by t.
7
Let o(q) = q + 243. Let x be o(0). Suppose 0 = -4*w + x - 59. Calculate the remainder when w is divided by 16.
14
Suppose 3*z = -z + c + 58, 5*z = -2*c + 79. Suppose 5*k + 0*f - 2*f - 34 = 0, 0 = -3*f + 9. What is the remainder when z is divided by k?
7
Let v = -2 + 2. Suppose -75 = -5*w - v*w. Calculate the remainder when 5/((-30)/56)*-3 is divided by w.
13
Let t = -120 + 176. Calculate the remainder when 220 is divided by t.
52
What is the remainder when 1/((-1)/5) + 102 is divided by 20?
17
Let h = -7 + 21. Let i be (-9)/(-6)*(1 - 3). Let a = 8 + i. What is the remainder when h is divided by a?
4
Let f(u) = u**3 + 11*u**2 + 7*u + 5. Let j be f(-6). Suppose j = 4*h - 77. What is the remainder when h is divided by 14?
13
Calculate the remainder when ((-14)/(-4))/(22/748) is divided by 20.
19
Let u be (2/3)/(-1)*-3. Suppose 3*w = 4*o - u*w - 8, 0 = -3*o + 2*w + 6. Calculate the remainder when o is divided by (-3 + 6)*(-4)/(-6).
0
Suppose 6*l = 10*l - 40. Calculate the remainder when (-3*3)/(1/(-2)) is divided by l.
8
Let h be (20/6)/(6/18). Calculate the remainder when (2*1)/(4/50) is divided by h - -3*(-3)/9.
7
Let u(d) be the third derivative of 11*d**4/24 - d**3/2 + d**2. Calculate the remainder when u(3) is divided by 16.
14
Suppose -34 = -4*s + 2*z, 3*s + 4*z - 22 = 9. What is the remainder when (-258)/(-10) - (-1 - -2)/(-5) is divided by s?
8
Let b be 2/3*2*-6. Suppose 0 = 3*f - f - 82. What is the remainder when f is divided by ((-4)/b)/((-2)/(-56))?
13
Let m = -82 - -89. What is the remainder when m is divided by 3?
1
Let f = 32 + 32. Calculate the remainder when f is divided by 22.
20
Suppose h - 23 = 2*t - 79, -2*h = -t + 25. Let g = 0 - -15. What is the remainder when t is divided by g?
14
What is the remainder when 19 is divided by (-3)/(-6)*(21/1 - -1)?
8
Suppose -63 = -5*q + g + 3*g, 66 = 4*q + 2*g. Let d(x) = -6*x**2 + 38*x - 3. Calculate the remainder when q is divided by d(6).
6
Let m = 85 + -60. Suppose 0 = 2*s - 0*s - 98. Calculate the remainder when s is divided by m.
24
Suppose 0 = -4*b + b + 174. Suppose 0 = 3*w - 0*a - 2*a - 49, 61 = 3*w + a. Suppose u + 1 + w = v, 50 = 3*v - u. Calculate the remainder when b is divided by v.
13
Suppose 0*t = -2*t + 6. Suppose t*n - 265 = -2*n. What is the remainder when n is divided by 14?
11
Let j = 8 - 5. Let z = 1 + j. Suppose z*p + 14 = 2*o, 0*o + o + 4*p = 25. What is the remainder when o is divided by 5?
3
Calculate the remainder when (-65)/(-7) + (-6)/21 is divided by 4.
1
Suppose r - 18 = 14. Calculate the remainder when r is divided by 12.
8
Suppose 0*u = 2*u + 4, -5*w - 2*u + 66 = 0. What is the remainder when w is divided by 6?
2
Suppose -74 = 2*q + 6. Let t = 59 + q. Calculate the remainder when t is divided by 10.
9
Let w = 17 + 72. What is the remainder when w is divided by 18?
17
Let g = -6 + 37. What is the remainder when g is divided by 19?
12
Let o = 18 + -6. Let p(w) = w + 5. Let g be p(-5). Suppose g = -4*s + 8*s - 136. What is the remainder when s is divided by o?
10
Let m(h) = 2*h**2 - 6*h + 6. Let p(i) = i**3 + 7*i**2 + 5*i - 2. Let q be p(-6). Calculate the remainder when m(q) is divided by 8.
6
Let f = 7 - -43. Suppose -f = -0*y - 5*y. Suppose -25 = -5*m + 3*s, -2*m + 2*s - 3*s + y = 0. What is the remainder when m is divided by 3?
2
Suppose -4*d + d = -6. Calculate the remainder when 4 is divided by d.
0
Suppose -3*t = -0 - 6. Let l be 15/(1/(t/(-3))). Calculate the remainder when 23 is divided by ((-8)/5)/(2/l).
7
Let i(d) = d**2 - 3*d - 4. Let k be i(5). Let h(f) = 4*f - 4. What is the remainder when h(k) is divided by 11?
9
Let l be 2 + 1 + -6 + 29. Let z = l + -20. Calculate the remainder when 13 is divided by z.
1
Suppose 5*h - k + 3*k = 80, -4*k = 4*h - 64. Let d = -22 - -53. What is the remainder when d is divided by h?
15
Let d(m) = 4*m + 53. What is the remainder when d(0) is divided by 28?
25
Suppose -2*v - 3*v = -3*k + 4, -2*k = 5*v + 14. Let b be 0 + 5 + v + 0. Suppose -44 - 43 = -b*p. What is the remainder when p is divided by 10?
9
Let w(b) = b + 8. Suppose h + 37 = 2*h. Calculate the remainder when h is divided by w(5).
11
Let p be (5 - 8)/((-1)/2). Let c(o) = o**2 - 3*o - 7. What is the remainder when 41 is divided by c(p)?
8
Calculate the remainder when (-2)/((-4)/6) + 19 is divided by 8.
6
Let i = -8 - -21. What is the remainder when 25 is divided by i?
12
Suppose -2*b = -2*r + 32, 4*b - 2 = -r + 39. Suppose -2*p = -25 - r. What is the remainder when p is divided by 8?
7
Let f(c) = -20*c - 3. Suppose -5*l + 4*m - 6 = 0, 0 = l - m - m. Suppose -5*r = 2 - 67. Calculate the remainder when f(l) is divided by r.
11
Let j(h) = -14*h**2 + 23*h - 9. Let f(p) = 5*p**2 - 8*p + 3. Let z(q) = 17*f(q) + 6*j(q). What is the remainder when z(-5) is divided by 5?
2
Let q(i) = -i + 4. Suppose -5*k + 4*b = -0*k - 23, 5*k = -b + 38. Let f = 2 - k. Calculate the remainder when 33 is divided by q(f).
6
Suppose -5*i + 30 = -4*i. Calculate the remainder when i is divided by 8.
6
Suppose -c + 32 = 7*c. Suppose -10 = -3*q + 5. Suppose 11 = q*l + h, 3*l - 3*h + 2*h = 5. Calculate the remainder when c is divided by l.
0
Suppose 5*n - 12 = z, 2*n = 4*z - 6*z. What is the remainder when 17 is divided by n?
1
Suppose -7*u + 152 = 12*u. Calculate the remainder when 42 is divided by u.
2
Let a = -49 + 64. Calculate the remainder when 56 is divided by a.
11
Let x = -50 - -71. Let s be 6*1 + -2 + 1. Suppose s*i - 70 = -5*o, 48 = -0*i + 3*i + 5*o. What is the remainder when x is divided by i?
10
Suppose 3*h - 30 = 4*y + y, -2*h + 4*y = -18. What is the remainder when 29 is divided by h?
14
Suppose 3*s + 13 + 23 = 0. Calculate the remainder when 20 is divided by 3/4 + (-123)/s.
9
Let u = 25 + -15. What is the remainder when 49 is divided by u?
9
Let z(m) = -m**2 - 9*m + 4. Let i = -1 + 6. Calculate the remainder when z(-7) is divided by i.
3
Let q = 0 - -10. Let s(w) = w**2 - 7*w + 2. Let r be s(7). Suppose -4*l = -r*l - 6. Calculate the remainder when q is divided by l.
1
Suppose -5*l + 4*h + 103 = 0, -4*h + 9*h + 31 = 2*l. What is the remainder when l is divided by 12/78 + (-76)/(-13)?
5
Let i = 17 - 10. Calculate the remainder when 48 is divided by i.
6
Let t(b) = -17*b + 9. Let m(o) = -26*o + 13. Let p(y) = 5*m(y) - 8*t(y). What is the remainder when 42 is divided by p(3)?
9
Let j be (-2)/4 - (-3)/6. Suppose j = -2*p - 0 + 4. What is the remainder when 3*(51/9 + p) is divided by 12?
11
Let f(i) = i**3 + 10*i**2 - 14*i - 2. Calculate the remainder when f(-11) is divided by 17.
14
Suppose -5*w - 25 = -0. Let f = 14 + w. Suppose 0 = -3*l + 51 - f. What is the remainder when 26 is divided by l?
12
Suppose 1238 = 5*d - h, 5*h + 12 = h. Calculate the remainder when d is divided by 50.
47
Let f(t) = 6*t - 10. Let o(i) = 5*i - 9. Let w(d) = -6*f(d) + 7*o(d). What is the remainder when 7 is divided by w(-5)?
1
Let x = -11 - -8. Let y = -1 + x. Let m(c) = c**3 + 6*c**2 + 3*c - 3. Calculate the remainder when m(y) is divided by 6.
5
Let q(n) = -n**3 + 7*n + 1. Let j be q(-5). Suppose 5*k - j = 54. Let i = 21 - 6. Calculate the remainder when k is divided by i.
14
Suppose 0 = -2*n - 2 + 14. Suppose -n*i = -i. What is the remainder when 0 + (i - -1) - -39 is divided by 14?
12
Suppose -5*a + 8 - 23 = 0. Let z = a - 0. Let g = z - -15. What is the remainder when g is divided by 7?
5
Suppose -5*n - 1 + 56 = 0. Let i = 17 - n. What is the remainder when i is divided by 3?
0
Suppose -2*s = s - 5*z - 24, 0 = -4*s + 2*z + 32. Calculate the remainder when s is divided by 2.
0
What is the remainder when 61 is divided by 3/(9/6 + (-15)/11)?
17
Let q(f) = -f**3 + 7*f**2 + 2*f - 2. Suppose 3*g - 5*k + 8 = 167, -2*k = 6. Let m = -25 + g. What is the remainder when m is divided by q(7)?
11
Let j be (-9)/(-15) + (-44)/(-10). Suppose b - 17 + 6 = -w, 0 = -j*w. Calculate the remainder when b is divided by 7.
4
Let u(f) = 45*f + 46. Let k(q) = 9*q + 9. Let p(o) = -11*k(o) + 2*u(o). Calculate the remainder when p(-4) is divided by 15.